3).
2
What is (-5 - (-6 - 5)) + -2 - 7?
-3
-9 + 3 - (-1 + 0 + -1)
-4
Calculate -1 + 3 - (5 + -8).
5
What is -6 - (0 - (4 - 2))?
-4
Evaluate 6 - ((4 + -2 - -4) + -3).
3
4 - (-1 + 1) - (12 + -3)
-5
Calculate 6 + -1 - (-4 - -17 - 3).
-5
What is (-5 - (16 - 24)) + (-9 - -1)?
-5
-11 - (7 + -10 + -7)
-1
What is the value of -5 + (3 - 3) - -9?
4
What is the value of -14 - 1 - -7 - -15?
7
Evaluate 3 - -2 - 1 - 4.
0
2 - 1 - (-1 - 3) - 2
3
What is 8 - (1 + 4 + -3 + 2)?
4
Calculate (3 - -1) + 79 + -82.
1
2 + -2 + -6 - (-144 - -138)
0
Evaluate 4 - (-2 + 21 + -8).
-7
Calculate 9 - ((5 - 13) + 13).
4
6 - (19 - 4 - 3)
-6
Calculate 20 + -17 - (3 + -2 + 5).
-3
(0 - (4 - (-1 - -3))) + 0
-2
What is the value of (-10 - -7) + (5 - 2) - 2?
-2
Calculate -4 - (2 + (-5 - -4)) - -3.
-2
Evaluate -1 + 6 - (-10 - -16 - 2).
1
What is the value of 4 - 2 - (0 - (5 - -1))?
8
Evaluate 0 - 1 - (-7 - -4).
2
Calculate 4 + -3 + -4 - -2.
-1
Evaluate -1 - (-4 - -2) - (89 + -80).
-8
Evaluate 0 - 1 - (5 + -1).
-5
Evaluate (-13 - -9 - -14) + -6.
4
What is the value of (-1 - -1) + -33 + 21 + 21?
9
What is the value of -3 + (-4 - -7) + -1 + -2?
-3
What is -2 - -3 - (6 - -1) - -3?
-3
-11 + 15 + -12 - 0
-8
Calculate -4 + 0 - (6 - 11 - 4).
5
What is (2 - -2) + -6 - (-3 + -2)?
3
(-1 - -2) + (4 - 4) + -3
-2
What is the value of -9 - ((-3 - -9) + -9)?
-6
What is the value of (-1 - -5 - -2) + -11 - -8?
3
8 + (-2 - (3 + 5 + -7))
5
Evaluate 3 - (6 - (-3 + 3)).
-3
What is the value of -3 + 0 + (4 - 5)?
-4
Calculate (2 - 3) + (1 - (6 - 0)).
-6
What is the value of 3 + (5 - 8 - -5)?
5
Evaluate -4 + 1 + -3 - (-1 + -1).
-4
Evaluate -1 - -5 - ((21 - 34) + 20).
-3
Calculate 2 - (-1 - (-4 + 2 - 3)).
-2
-1 - -6 - (-2 - (-1 - -4))
10
0 - -2 - (-1 - (-22 + 13))
-6
What is the value of 11 - 0 - (-6 + 14 + -4)?
7
Evaluate 4 + (-6 - 2 - 1).
-5
What is the value of (-3 - (-1 + -1)) + 2 - 0?
1
Calculate 5 - (-5 - -10 - 5).
5
What is -1 - (-4 + 2 + 1)?
0
Calculate (-2 - (3 - 3)) + -3.
-5
What is the value of (7 - -1) + (0 - (-1 + 4))?
5
(18 - 9 - 1) + -11
-3
(26 - 14) + -6 + -2
4
(-2 - -4) + -1 + 5
6
What is the value of 4 + 1 - (3 + -5 + 4)?
3
Evaluate 7 - (2 + (1 - -2)).
2
What is the value of -10 + 4 - -9 - 13 - -6?
-4
What is the value of (18 - 0) + -7 + -4?
7
2 - (4 - (6 - 6))
-2
Calculate 6 + (2 - (-1 + 6)) + 4.
7
Calculate 4 + 4 + -2 + -6 + 4.
4
What is 3 + 2 + (0 - 3) + 2?
4
Evaluate (4 - 2) + (3 - 8) + 0.
-3
113 + -106 - (1 - -11)
-5
What is 1 - (2 + -8 + (0 - -2))?
5
Calculate 6 + -1 - 7 - -2.
0
Calculate 4 - (2 + 2) - (-3 + 1).
2
What is the value of (-3 - 2) + 5 + -5 + 7?
2
What is 1 - ((-2 - 1) + 5)?
-1
Calculate -9 + 11 - (11 + -3 - 2).
-4
What is (1 - (-5 + 10) - -7) + 3?
6
What is (2 - -7) + -5 + -1?
3
Evaluate 0 + (-2 - -4) + 2 + -8.
-4
What is -6 + 1 - (36 - 33)?
-8
Calculate 6 + (-8 - -5) - (3 - 1).
1
Evaluate -4 - 1 - (3 - (-5 + 10)).
-3
Evaluate -2 - -1 - (6 - 4).
-3
-1 - -1 - 5 - (-2 + 2)
-5
Evaluate (1 - -3) + (-8 - -1 - -4).
1
-5 + -2 + 2 + 1
-4
What is the value of (0 - ((4 - -4) + -4)) + 2?
-2
Calculate 2 - (-2 - (-5 + 0)) - 5.
-6
Calculate -5 + 2 - (6 - 7).
-2
-3 - (4 + -6) - -2
1
8 + (-6 - -2) - -1 - 14
-9
(2 - 0) + 4 + -11
-5
What is the value of -8 + 1 + -98 + 111?
6
What is 3 + (-6 - (3 + -6))?
0
Evaluate 2 - -1 - (-3 + 11 + -1).
-4
Evaluate (130 - 124) + (1 - (2 + -1)).
6
Calculate (5 + 4 - 3) + 1 + 0.
7
-1 + 0 - (1 + -1)
-1
What is the value of 3 + (4 - (-3 + 10 + -4))?
4
Evaluate -1 + 0 + (-5 - -7) + -5.
-4
Evaluate 1 + -6 - (-22 - -12).
5
What is the value of -5 + -9 + 3 + 10?
-1
What is 0 + -8 - (56 - 67)?
3
Calculate (5 - (6 + -3)) + (-5 - 3).
-6
Calculate (-6 - -11) + (0 - (10 + -2)).
-3
Evaluate 7 + (0 - (7 + 5 + -7)).
2
Evaluate (4 - (4 - 2)) + 3.
5
What is the value of -3 + (-2 - (1 - 1))?
-5
What is the value of 5 - 9 - (-3 + (-2 - 2))?
3
Evaluate 0 + 5 + -32 + 24.
-3
What is the value of (5 - 11) + -2 - (-4 - -3)?
-7
What is the value of 1 - (4 - 3) - -4?
4
-6 + (3 - (2 + 1))
-6
Calculate -14 + (5 - (-4 - 2)).
-3
What is -8 + (10 - 3) + (-10 - -7)?
-4
What is 5 + 0 + (-1 + -2 - 9)?
-7
What is the value of -17 - -19 - (-4 + 5)?
1
Evaluate 3 + 6 + -1 + 0 - 5.
3
6 + -9 + 4 + -7
-6
-7 - (3 + -1 + -5 + 1)
-5
4 - (2 - 2) - (6 - 6)
4
What is the value of -3 + (2 - 10 - (16 - 18))?
-9
What is the value of 0 + -1 + -1 + (23 - 17)?
4
What is the value of -32 - -20 - (0 - (7 + -1))?
-6
What is -1 + 4 + -5 + 9 + -2?
5
7 + -12 + (13 - 7)
1
Calculate 4 - 0 - (-20 - -20).
4
Calculate 8 + -3 + 0 + -3.
2
Evaluate (1 - -4) + 13 + -11.
7
Calculate -11 - (-11 - -7) - 0.
-7
Evaluate (6 - (3 - (2 + -2))) + 2.
5
(-6 - 0) + (37 - 35) - 4
-8
Calculate 4 + -9 + -2 + 2 + 4.
-1
33 + -28 + 1 + -5 + 1
2
Evaluate 5 + 8 + -14 + -4.
-5
What is -3 + 4 + 2 + 1 - 2?
2
3 - (3 + -2 + 0 + -2)
4
What is the value of (1 - 0 - 4) + -3?
-6
What is (9 + 13 - 12) + 1?
11
(-2 - -7) + (-9 - (-11 + 7))
0
What is the value of -125 + 121 + (-2 - -1)?
-5
What is the value of 5 - (3 + 2 - -1)?
-1
Evaluate 0 + 18 + (-19 - -8).
7
Evaluate -4 - (-1 + 4 - 7).
0
Calculate -5 + (5 - 4) + 5 + 2.
3
-4 - (11 + -5 - 5)
-5
Evaluate (7 - (-3 - (3 - 5))) + -4.
4
What is 3 - (5 - (-5 - -4))?
-3
7 - (-7 + 11 + 3)
0
Calculate (-4 - 0) + (22 - (23 + -10)).
5
6 + (-1 - (2 + 19)) + 7
-9
-7 + -3 - (17 + -23)
-4
Calculate -21 - (-2 + -10) - -14.
5
2 - (1 - (-3 + 3 + 1))
2
Calculate (-3 - 5) + (-65 - -66).
-7
What is 8 - (-3 + (-1 - -8))?
4
Calculate 4 + (-10 + 6 - 3) + 0.
-3
What is the value of 4 - (4 - (-7 - -4))?
-3
-14 + 4 - -24 - 11
3
What is the value of (0 - 0) + 3 + 4 + -10?
-3
What is (0 - -1) + 0 + -4?
-3
(4 - 3) + (-9 - -5)
-3
What is the value of -14 + 13 - (0 - -2)?
-3
What is (-3 - -2 - -2) + (41 - 44)?
-2
What is 1 - (-1 + 4) - (50 + -56)?
4
6 + (-2 - -7 - 10)
1
-22 + 16 - ((5 - 3) + 2)
-10
What is the value of (-61 - -59) + (-1 - -1)?
-2
-8 + -1 - (-1 - 7)
-1
What is (-7 - (4 + -1)) + -7 + 14?
-3
(1 - (5 + (-7 - -2))) + 1
2
34 - 30 - (-1 + (5 - 1))
1
Evaluate 2 + -7 + 2 + (-4 - -4).
-3
What is 3 + -3 + 3 + 0?
3
Evaluate 21 + -23 - (-2 + (-3 - -3)).
0
Calculate 39 - 41 - (-1 + 0).
-1
What is -6 + 14 + (-10 - 0)?
-2
Calculate 1 + -4 + 6 - (5 + -3).
1
What is -3 - (13 - (-2 - -15))?
-3
-4 + -5 + (-1 - (4 - 10))
-4
What is (0 - 4) + (194 - 190)?
0
What is the value of (10 - 5) + -5 + 0 + 1?
1
-11 + (-3 + 1 + 6 - -1)
-6
What is the value of 2 + (1 - (9 - 3))?
-3
What is the value of 13 + (2 - 5) + -6?
4
What is the value of 10 + (-4 - 0) + -6?
0
Evaluate -9 - -1 - -7 - -5 - -3.
7
Calculate 2 + 5 - (-4 + 7).
4
Evaluate 24 + -32 - (-1 + -13).
6
Calculate -4 + (-3 - -5) + 1.
-1
What is the value of 0 + (-3 - (4 - 6))?
-1
What is the value of 3 - (-3 + (1 - -1))?
4
Calculate 5 + 1 + -12 - (-6 + 1).
-1
Evaluate -1 - -5 - (1 + -4 + 5).
2
What is 2 + -1 + -46 + 41?
-4
-1 + -5 - (4 + -10)
0
What is 0 - 1 - (-5 + 2 + -1)?
3
-1 + -5 + 7 + 3
4
Calculate 15 + -6 + 3 + -12.
0
What is the value of -4 - (-4 - -1) - (1 + 1)?
-3
Evaluate -2 + -1 + (7 - 3) + -3.
-2
What is the value of -3 - (-5 + 4 + 3) - -1?
-4
Evaluate 2 + 1 - (-7 - -7).
3
What is the value of (0 - -3) + -7 + 5 + 0?
1
1 - ((9 - 4) + -6 - -7)
-5
What is the value of 2 - (-1 - (-5 - 3)) - 0?
-5
Calculate (-1 - (-2 + -4)) + (-2 - -1).
4
Evaluate 0 + 1 - -2 - (124 - 123).
2
What is 11 + -10 + -2 + 1?
0
Calculate (1 - 1 - -3) + -10 + 5.
-2
What is 3 + 1 + -21 + 15?
-2
What is (6 - (10 - 1) - -1) + -5?
-7
What is the value of 0 + -1 + 2 + -2 - -1?
0
What is -8 + 21 - (3 - -7)?
3
Evaluate (3 - -1) + -1 + 3 - 4.
2
Calculate 146 - 146 - (7 + -1).
-6
Calculate (6 + -1 - (0 + 3)) + -4.
-2
Evaluate (6 - 6) + 6 - 9.
-3
What is 0 + -2 + 3 - (-2 - -4)?
-1
What is 18 + 5 + -15 + -3?
5
Calculate (-2 - 1) + 5 - -4.
6
1 + -3 + 4 + -5
-3
Calculate (9 - (-1 + -2)) + -5.
7
What is -1 + (7 - 9 - -6 - 4)?
-1
(1 - (7 + -3) - -1) + 7
5
10 - (2 - -3) - (3 + 0)
2
What is (2 - 9) + 0 + 0 + 6?
-1
Calculate (-4 - -4) + -2 - 4.
-6
What is the value of 44 - 46 - (1 + -1)?
-2
What is -5 - (2 + -3 + 4 - 7)?
-1
Calculate -3 + 2 + (-3 - 0).
-4
(3 - (5 + (6 - 3))) + 2
-3
What is the value of -7 + 1 + 4 + -2 + 3?
-1
What is the value of 1 - ((0 - 0) + -2)?
3
Calculate -2 + -4 + 5 + (-3 - -3).
-1
What is the value of 4 + -7 - (6 + -3)?
-6
What is the value of (16 - 18) + (0 - 5)?
-7
Calculate 5 + -8 + (3 - -1).
1
C